y(-9). Calculate the greatest common divisor of q and 53.
53
Let n = 7292 + -7289. Let k = 46 - 7. What is the greatest common factor of k and n?
3
Let p = -25 + 27. Suppose 0 = 3*j - 4*r - 111, p*r + 2 = -4. What is the greatest common factor of j and 11?
11
Let l(x) = 118*x**3 - 5*x + 4. Let i be l(1). What is the greatest common divisor of 78 and i?
39
Suppose -z + 5*z = 2*f + 156, -5*f = z - 50. Calculate the greatest common divisor of 520 and z.
40
Let p be (-1820)/(-24) + 1/6. Let f be 0 + (-2)/(4/(-10)). Suppose -5*i + 2*q = -p, 0 = -i + 4*i + f*q - 58. What is the greatest common factor of 4 and i?
4
Suppose 3 = -2*t + 3*t. Suppose -3*y + 30 = u - 0*y, -96 = -3*u - t*y. Let h(a) = 6*a - 1. Let i be h(2). Calculate the greatest common divisor of i and u.
11
Let o = -1 - -4. Suppose -o*x = -0*x - 144. Calculate the greatest common factor of 24 and x.
24
Let s(q) = 2*q**3 - q**2 + 6*q - 8. Let b be s(3). Calculate the greatest common divisor of b and 605.
55
Let b(z) = -z**3 + 12*z**2 - 6*z - 7. Let q be b(11). Let n be 30/(-9)*q/(-5). What is the highest common factor of 48 and n?
16
Let k = -70 - -62. Let p be (21*(-4)/(-12))/((-2)/k). What is the highest common divisor of 7 and p?
7
Let m be 6 + -53*(-6 + 3). Calculate the highest common divisor of 30 and m.
15
Suppose -23*p + 19*p = -936. Let t = -109 + p. What is the highest common divisor of 25 and t?
25
Let y = 2450 - 2312. Calculate the greatest common factor of y and 18.
6
Let g(w) be the second derivative of 5*w**2 + 7/6*w**3 + 4*w + 0 - 1/12*w**4. Let k be g(8). What is the highest common divisor of k and 16?
2
Suppose 39*r - 1090 - 548 = 0. Let v = -12 - -26. What is the highest common divisor of r and v?
14
Let b(m) = -m**3 + 4*m**2 + 12*m - 26. Let k be b(5). Calculate the greatest common divisor of 117 and k.
9
Let y = -5 - -19. Let z be (12 - y) + 6/(-2). Let o be (-4)/(-20)*-6*z. What is the highest common factor of 6 and o?
6
Let i = 129 + -109. Calculate the greatest common factor of i and 4.
4
Suppose 0 = -5*o + 37 + 13. Suppose -2*s - 2*q = -4*q - 496, -260 = -s - 5*q. Suppose s = -0*t + 5*t. What is the highest common factor of o and t?
10
Let b be (0*(-2)/(-4))/(-1). Let f be b - -1 - (1 + -3). Suppose 3*q = 3*p + 96, -f*q + 34 = -q + 4*p. Calculate the highest common factor of 18 and q.
9
Let z = -332 + 1037. What is the highest common factor of 987 and z?
141
Suppose 4*s + 2*d - 638 = 0, -4*d - 57 = -2*s + 267. Let h(v) = -605*v - 1751. Let p be h(-3). Calculate the greatest common factor of s and p.
32
Let s(x) = x**3 + 5*x**2 + 7*x + 3. Let z be s(-6). Let f = 110 + z. Calculate the greatest common factor of f and 7.
7
Suppose 7 - 27 = -4*h, w + 4*h - 24 = 0. Let f be 5/10*8 + -3. Let o = f + 35. Calculate the highest common factor of w and o.
4
Suppose -3*m + 0*m - 54 = 0. Let t = -13 - m. Suppose -t*p = -4*i - 132, 18 = p + 3*i - i. What is the greatest common divisor of 16 and p?
8
Let i be 38704/413 + (-4)/(-14). Calculate the highest common divisor of 2444 and i.
94
Suppose 2 = 5*y - 3. Suppose 0 = 2*i + h - y, -3*h - 9 = -5*i + h. Calculate the highest common factor of i and 3.
1
Let q(f) = f**3 - 20*f**2 + 2*f - 10. Let u be q(20). Let n be 6/u - (-38)/10. Let z = 30 - 10. Calculate the highest common divisor of n and z.
4
Suppose -18*f = -10*f - 680. Calculate the highest common divisor of 187 and f.
17
Let o be -70 + (-5)/(-5) - -3. Let a = -2 - o. What is the greatest common divisor of a and 32?
32
Let r(u) = 14*u - 120. Let z be r(18). What is the highest common divisor of z and 330?
66
Suppose 7*c = 2*c - 2*q + 19, -3*c + 3*q + 24 = 0. Suppose -c*i = p + 2*p - 162, 5*i = 5*p + 130. Calculate the highest common factor of i and 10.
10
Suppose 7 = -a + 14. Suppose 2*p - a*p + 215 = 0. Suppose 3*z + 2*t - 38 = 3*t, -3*z = 4*t - p. Calculate the highest common factor of z and 52.
13
Let n = -394 + 874. Let m be n/(5/1) + 2. Calculate the greatest common factor of 14 and m.
14
Suppose 2*t - 5*u + 1 = 0, -2*t + 5 = -2*u - 3. What is the highest common factor of t and 7?
7
Let s(v) = -v. Let r(i) = i**2 + 2*i - 1. Let a(m) = -r(m) - 6*s(m). Let n be a(3). Let u be (8/4 - 0)*n. Calculate the highest common divisor of u and 32.
8
Let y be -5 + 0 + 3 + -1. Let l be 12/(-6*y/(-12)). Let a be 188/14 + l/(-14). What is the highest common factor of a and 21?
7
Let g be 6/21 - (-138)/7. What is the highest common divisor of g and 15?
5
Suppose -1 = 5*r + 44. Let p = -19 - r. Let k be p/50 + 42/10. What is the greatest common divisor of 8 and k?
4
Let u = -46 + 483. Calculate the greatest common factor of u and 23.
23
Let a = 372 + -244. Suppose -a - 68 = -7*k. Calculate the highest common factor of k and 4.
4
Let g = -602 + 628. What is the highest common factor of g and 10?
2
Suppose 9*a - 162 = -0*a. Suppose 3*l = -12, 3*h + h - 4*l - 160 = 0. Suppose -h = -4*z + 2*z. Calculate the highest common divisor of a and z.
18
Suppose 0 = -17*s + 19*s. Suppose 91 + s = 7*r. Let g be 2*13*(2 + -1). Calculate the highest common factor of g and r.
13
Let n(p) be the first derivative of p**3/3 + 27*p**2/2 + 18*p + 28. Let i be n(-27). What is the highest common divisor of 9 and i?
9
Let s = -2 + 9. Suppose 6*t = s*t - 64. Suppose 0 = 3*r - j - 4*j - 96, 2*r + 3*j = t. Calculate the greatest common divisor of r and 80.
16
Suppose 5*a + 78 - 108 = 0. Calculate the greatest common factor of a and 284.
2
Suppose 16*n = -3*n + 1197. Calculate the highest common divisor of n and 63.
63
Let d = -3291 + 6954. What is the highest common divisor of 99 and d?
99
Let m = 411 - 248. Suppose 4*n = 5*s - 782, s - 3*n = -0*s + m. Suppose -2*k - 22 = -3*k. What is the greatest common divisor of s and k?
22
Let l(k) = -k**3 - 7*k**2 + 42*k + 20. Let t be l(-11). Suppose -v + 336 = v. What is the greatest common divisor of t and v?
42
Let j(m) = -m**2 - 9*m. Let q be j(-7). Suppose -4*t + 160 = 3*a, 5*t + 10 = -2*a + 112. What is the greatest common divisor of q and a?
14
Let z = -4 - -8. Suppose 3*d - z*g - 4 = 8*d, 4*d + 3*g = -3. Suppose 5*m = 2*v + 124 + 36, d = -5*v. Calculate the highest common divisor of m and 4.
4
Let d(q) = -q**3 - 8*q**2 - 8*q + 8. Let o be 14/35 + (-42)/5. Let c be d(o). Let m = 52 - 34. Calculate the highest common divisor of m and c.
18
Let g = -26 - -9. Let k = g + 11. Let t be 255/(-10)*(0 + k). Calculate the greatest common factor of t and 17.
17
Let i = -7 - -4. Let c be 47 - -1*(5 + i). Suppose 3*p = 12*p - 63. What is the greatest common divisor of p and c?
7
Let r be (-10)/3*3/(-5). Let n be (-8)/r + 23 + -14. Let z be (-2 + 4)/(1 - 0). What is the greatest common factor of n and z?
1
Suppose q + 4*f + 19 = 129, 2*q - 2*f = 260. Calculate the greatest common factor of 18 and q.
18
Suppose 5*i + 24 = r, 2*r - 39 - 9 = -3*i. Suppose 5*q - 794 - 526 = 0. What is the highest common divisor of r and q?
24
Suppose -4*s - 6 = -2*h, 4*h - 36 = -s - 3*s. Let t(m) = m**2 - 7*m + 2. Let z be t(h). Calculate the highest common factor of 10 and z.
2
Let q be ((-252)/(-20))/((-78)/(-33020)). What is the greatest common divisor of q and 127?
127
Suppose -q - 74 = 4*c, -4*q + 14 = -c - 2*q. Let t be (-4)/c + (-583)/(-9). What is the greatest common factor of t and 10?
5
Let v(l) = l**3 + 37*l**2 + 9*l + 336. Let d be v(-37). Calculate the highest common factor of 39 and d.
3
Let g be ((-72)/5)/(10/(-25)). Let i(x) = 6*x**2 + x + 1. Let c be i(-1). Let f be -48*(3 - c)/6. What is the highest common factor of g and f?
12
Suppose 2*z - 33 - 104 = -r, 745 = 5*r - 2*z. What is the greatest common factor of 63 and r?
21
Let w be (-12 + 10 - (-327)/(-9))*-3. What is the greatest common divisor of 69 and w?
23
Suppose -s = -121 + 15. What is the greatest common factor of 159 and s?
53
Let a = 1 + 1. Let p(i) be the third derivative of i**5/60 - 5*i**4/24 - 15*i**3/2 - 8*i**2. Let m be p(-5). Calculate the greatest common factor of a and m.
1
Suppose 4*k + 184 = 9*p - 4*p, 3*p - 108 = 3*k. Calculate the greatest common factor of 344 and p.
8
Suppose -4 = p + 4*u - 1, -3*p + 3*u = -36. What is the highest common factor of p and 48?
3
Let y = -20 + 263. Calculate the highest common factor of 27 and y.
27
Let d = -74 - -93. Let f = -16 + 35. Calculate the highest common factor of 